e highest common divisor of 55 and 32681.
11
Calculate the highest common factor of 37877 and 1225.
49
Calculate the greatest common factor of 6402400 and 800.
800
Calculate the greatest common factor of 16608 and 150.
6
Calculate the greatest common factor of 6632 and 3032.
8
Calculate the greatest common factor of 2755 and 5945.
145
What is the highest common factor of 5443110 and 54?
18
Calculate the greatest common factor of 395640 and 784.
56
What is the highest common divisor of 1650 and 61500?
150
Calculate the greatest common divisor of 486171 and 231.
21
What is the greatest common factor of 1673 and 476?
7
Calculate the highest common factor of 13203 and 7661.
163
What is the highest common divisor of 636 and 25788?
12
Calculate the greatest common factor of 18392 and 2584.
152
What is the greatest common factor of 6090 and 11760?
210
What is the highest common factor of 72414 and 19072?
298
Calculate the highest common divisor of 71636 and 4.
4
Calculate the greatest common factor of 272718 and 3270.
654
What is the greatest common divisor of 8 and 82468?
4
Calculate the highest common divisor of 25859 and 19.
19
What is the greatest common divisor of 10845 and 360?
45
Calculate the highest common divisor of 1212 and 5484.
12
Calculate the highest common factor of 7 and 67361.
7
What is the highest common factor of 954819 and 12639?
1149
What is the highest common factor of 5344 and 8684?
668
What is the greatest common factor of 10385 and 139025?
335
Calculate the highest common divisor of 27890 and 530.
10
What is the highest common factor of 268 and 391883?
67
What is the greatest common divisor of 10144 and 104?
8
What is the greatest common factor of 33334 and 2212?
14
Calculate the greatest common divisor of 124530 and 1950.
30
Calculate the greatest common divisor of 112 and 4464.
16
Calculate the highest common divisor of 2172 and 63712.
724
What is the highest common divisor of 135168 and 66?
66
Calculate the highest common factor of 510 and 153735.
15
Calculate the greatest common factor of 139 and 217813.
139
What is the greatest common factor of 15 and 1521660?
15
What is the greatest common factor of 36804 and 144?
12
Calculate the highest common divisor of 21405 and 12.
3
What is the greatest common factor of 85 and 4030?
5
Calculate the greatest common divisor of 1750 and 42830.
10
Calculate the highest common divisor of 40504 and 9272.
488
What is the highest common divisor of 21 and 87?
3
What is the greatest common factor of 213 and 2614646?
71
Calculate the greatest common divisor of 14 and 2787134.
14
Calculate the highest common factor of 192502 and 58.
58
What is the greatest common factor of 162004 and 69488?
404
What is the highest common factor of 363856 and 48?
16
Calculate the greatest common factor of 167814 and 54.
18
Calculate the greatest common factor of 19992 and 17.
17
What is the greatest common divisor of 379680 and 540?
60
What is the highest common divisor of 87505 and 99?
11
What is the greatest common factor of 4633 and 4294?
113
Calculate the greatest common divisor of 9861219 and 9.
9
What is the highest common divisor of 132349 and 49?
49
Calculate the greatest common divisor of 29682 and 816.
102
What is the highest common divisor of 585 and 854880?
195
Calculate the highest common factor of 336 and 100.
4
Calculate the highest common factor of 57 and 269781.
57
What is the highest common divisor of 1184883 and 595?
119
What is the greatest common factor of 751065 and 311?
311
What is the highest common factor of 16666 and 832?
26
Calculate the highest common divisor of 53716 and 20.
4
What is the greatest common divisor of 5415 and 2123041?
361
What is the highest common factor of 358139 and 17?
17
What is the highest common factor of 12 and 321852?
12
What is the highest common divisor of 249783 and 417?
417
Calculate the highest common divisor of 2217448 and 2044.
292
Calculate the highest common divisor of 324675 and 259.
37
What is the highest common factor of 381 and 95123?
127
What is the greatest common divisor of 186776 and 296?
296
Calculate the highest common factor of 31 and 4007401.
31
Calculate the greatest common divisor of 833118 and 1794.
78
Calculate the highest common divisor of 384 and 1357248.
192
What is the greatest common divisor of 25897 and 115855?
1363
Calculate the highest common factor of 1376 and 1247.
43
Calculate the highest common divisor of 30 and 39170.
10
Calculate the greatest common factor of 2072894 and 127.
127
Calculate the greatest common factor of 162 and 21222.
162
Calculate the highest common factor of 48202 and 98.
14
Calculate the greatest common divisor of 9856 and 385.
77
What is the greatest common divisor of 12 and 301062?
6
Calculate the highest common factor of 60116 and 28994.
266
What is the highest common divisor of 7125 and 9006?
57
Calculate the greatest common divisor of 565 and 1244695.
565
What is the greatest common factor of 1039614 and 1467?
489
Calculate the greatest common divisor of 21959 and 189.
7
What is the highest common divisor of 27 and 3276288?
27
What is the greatest common divisor of 52 and 20852?
52
What is the greatest common divisor of 134964 and 207?
207
What is the highest common factor of 856 and 357166?
214
Calculate the greatest common divisor of 6386 and 385426.
206
Calculate the highest common divisor of 232 and 21256.
8
What is the highest common factor of 4023208 and 112?
56
Calculate the greatest common factor of 4059 and 2050.
41
Calculate the highest common factor of 40003 and 28259.
367
Calculate the highest common factor of 36 and 51858.
18
What is the highest common divisor of 2509 and 143?
13
Calculate the greatest common divisor of 3971 and 82764.
209
What is the greatest common factor of 140 and 1385020?
140
Calculate the greatest common divisor of 246068 and 227.
227
What is the greatest common divisor of 109938 and 1752?
438
Calculate the greatest common factor of 4774 and 59458.
434
Calculate the greatest common factor of 1992 and 164838.
498
What is the highest common divisor of 2 and 41282?
2
What is the greatest common divisor of 4760 and 4480?
280
Calculate the highest common divisor of 240 and 220320.
240
What is the highest common divisor of 104 and 106366?
26
What is the highest common divisor of 9724 and 18656?
44
Calculate the greatest common factor of 61245 and 165.
15
What is the greatest common divisor of 1024 and 5?
1
What is the greatest common divisor of 51250 and 2250?
250
Calculate the greatest common divisor of 196 and 290374.
98
What is the greatest common factor of 164 and 779?
41
What is the greatest common divisor of 56 and 91196?
28
What is the highest common factor of 9 and 46125?
9
What is the highest common divisor of 11492 and 1352?
676
Calculate the highest common factor of 9396 and 31401.
27
What is the highest common factor of 245 and 20790?
35
What is the highest common divisor of 36966 and 18?
6
Calculate the highest common divisor of 6 and 9346.
2
Calculate the greatest common factor of 586401 and 295.
59
Calculate the greatest common divisor of 763 and 6447.
7
What is the greatest common divisor of 59909 and 3448?
431
What is the greatest common factor of 17365 and 366175?
755
Calculate the greatest common factor of 29713280 and 20.
20
Calculate the greatest common factor of 6925 and 5275.
25
What is the greatest common divisor of 28 and 249074?
14
What is the greatest common factor of 22382 and 527?
31
What is the greatest common factor of 3208 and 808?
8
Calculate the highest common divisor of 11742 and 128235.
309
What is the highest common factor of 8 and 99832?
8
Calculate the greatest common divisor of 675 and 14025.
75
Calculate the greatest common divisor of 542 and 254198.
542
Calculate the highest common divisor of 90 and 254510.
10
What is the highest common factor of 1074000 and 80?
80
Calculate the highest common divisor of 48 and 23736.
24
What is the greatest common factor of 18 and 181557?
9
What is the greatest common factor of 3029400 and 300?
300
What is the greatest common factor of 150 and 12975?
75
What is the highest common divisor of 136 and 102136?
136
Calculate the greatest common factor of 41 and 71627.
41
What is the greates